48. What is the greatest common factor of c and g?
2
Let i be (3 - 0) + -4 - 1059. Let t be (-1)/(i/(-532) + -2). Suppose 42 = -3*z - 2*x + t, -4*z = -5*x - 152. What is the highest common factor of z and 3?
3
Let z be -2 - (-16)/(-12)*-3. Suppose 0 = -3*y + 2*q - 0*q + 11, 4*y = 4*q + 12. Suppose -48 = z*c - y*c. Calculate the highest common factor of 2 and c.
2
Let o be 13/(-39) - 155*(-2)/3. Suppose -59 = -6*i + o. What is the highest common factor of i and 297?
27
Let l = 161 + 399. Calculate the greatest common factor of l and 35.
35
Let k be ((-24)/(-10))/(15/650). What is the highest common divisor of 39 and k?
13
Let b(i) = -i + 91. Let z be b(-14). Calculate the highest common divisor of z and 60.
15
Suppose c = -3*c - 5*w + 309, 5*w + 375 = 5*c. Let g = -40 + c. Calculate the highest common divisor of g and 48.
12
Let b be (4/(-1))/2*-1. Let j be 1/4*b*8. Calculate the highest common factor of 44 and j.
4
Suppose 7*q - 801 - 144 = 0. Suppose -14*m + 5*m = -486. What is the greatest common factor of q and m?
27
Let z = -110 + 114. Let k(q) = q**3 + 5*q**2 - q + 4. Let o be k(-4). Calculate the greatest common divisor of z and o.
4
Let p = -192 - -227. Calculate the greatest common divisor of 70 and p.
35
Let p(y) = -4*y + 5. Let q be -10*((-6)/10 - -1). Let n be p(q). Let k = -4 + 18. Calculate the greatest common divisor of k and n.
7
Let m = 19 - 14. Suppose -2*k = -5*s + 2*k, -m*k = -s + 21. Let z = 6 - s. Calculate the highest common divisor of z and 5.
5
Let n be (5 - 5)*(2 - 1). Let a = 2 - n. Suppose 0 = -0*u - a*u + 8. Calculate the highest common factor of u and 4.
4
Let r(t) = 2*t**2 + 6*t + 2. Let z be r(-3). Let x = z + 6. Calculate the highest common divisor of x and 8.
8
Let l(o) = -23*o + 9. Let i(c) = 11*c - 4. Let h(j) = 7*i(j) + 3*l(j). Suppose 5*q - 6 + 1 = 0. Let v be h(q). What is the highest common factor of 56 and v?
7
Suppose 0 = q, -m + 3*q = q - 194. Suppose -w - 8 = -9, 2*d + 2*w - m = 0. What is the highest common factor of d and 12?
12
Let q be (-4)/6*-15 + 2. Suppose 29 = -v + 5*t - 3*t, v + 5*t + 8 = 0. Let i = 35 + v. What is the greatest common divisor of q and i?
12
Let j be 0 + (-12697)/(-9) + (-36)/(-162). Suppose 703 = 2*g + w, 4*g + 2*w - 5*w - j = 0. What is the greatest common factor of 32 and g?
32
Suppose 3*q + 4*b - 154 = 0, 293*q = 298*q + 5*b - 255. Let g = 114 + -39. What is the highest common divisor of q and g?
25
Let o(m) = 3*m**2 - 9*m + 18. Let y be o(6). Suppose 44 = -2*p + y. Calculate the highest common factor of p and 98.
14
Let x(y) = -y**3 - 9*y**2 + 8*y - 10. Let v be x(-10). Let d = 34 - v. What is the greatest common divisor of 216 and d?
24
Suppose -1094 = -21*n - 380. Calculate the highest common divisor of 1020 and n.
34
Let b be 9*(-9)/(81/(-2)). Suppose -p + 5*p = -b*n + 188, -5*n + 3*p + 431 = 0. Suppose 0*f - 33 = -3*f. What is the highest common factor of f and n?
11
Suppose -5*f - 10 = 0, 2*n + 3*f = 1 - 9. Let t be 1/n - 24/(-2). Let h be (-3)/21 - 8/(-7). Calculate the greatest common divisor of h and t.
1
Let i(z) = -31*z + 231. Let l be i(-7). What is the greatest common factor of 64 and l?
64
Let m(t) = t**3 - t**2 + 11*t - 2. Let r be (-4)/5*35/(1 + -8). Let v be m(r). What is the highest common factor of v and 20?
10
Let b = 27 + -3. Let j = b + -28. Let f = 0 - j. What is the greatest common divisor of f and 36?
4
Suppose -3*x = -5*x. Let a(r) = r**2 + r + 29. Let j be a(x). Suppose -2*u - 17 = -2*k + 15, -2*k - u + j = 0. Calculate the highest common factor of k and 15.
15
Let n be (-59 - (2 + -1))*-1. Calculate the highest common factor of 108 and n.
12
Let d = -131 - -323. Suppose -18 = -5*z + 17. Let c(w) = w**3 - 7*w**2 + 2*w + 10. Let o be c(z). What is the highest common divisor of d and o?
24
Let m(v) = v**3 - v**2 + v + 21. Let n be m(0). Let s be (44 - 2)/((-28)/(-126)). Calculate the greatest common divisor of n and s.
21
Suppose 4*l = 5*l + k - 83, 3*l + 2*k - 247 = 0. Calculate the greatest common factor of 891 and l.
81
Let c be ((-5264)/(-10))/7 + (-2)/10. What is the highest common divisor of c and 15?
15
Let u(o) = o**3 + 8*o**2 - 9*o + 4. Let t be u(-9). Let x = -81 - -87. What is the greatest common factor of t and x?
2
Suppose 4*p + 2*r - 106 = 0, 146 - 6 = 5*p + 4*r. What is the highest common divisor of 16 and p?
8
Let z(a) = 3*a**3 - 2*a**3 - a**2 + 18 + 0*a**3. Let u be z(0). Suppose 0 = 4*x - 9*x + 30. Calculate the greatest common divisor of u and x.
6
Let u = 36 + -39. Let q be u/(-2 + (-14)/(-10)). What is the greatest common factor of q and 35?
5
Let d be -14*(5 - (-34)/(-4)). Suppose c + 3*h - d = 6, -2*c = -3*h - 65. Calculate the greatest common divisor of c and 8.
8
Let q be 9*(4 - 34/9). Let i = 6 - q. What is the highest common divisor of 2 and i?
2
Suppose 18*q = 13*q + 2*z + 144, -z + 63 = 2*q. What is the greatest common divisor of q and 70?
10
Let h be (-14)/(-49) - (-3)/(-21)*-33. Suppose 0 = 2*d + h*s - 116, -4*d - 5*s = d - 290. What is the highest common factor of 145 and d?
29
Suppose -a + 13 - 49 = 0. Let v = a + 66. Let s = 41 - 29. Calculate the greatest common divisor of s and v.
6
Suppose 0 = 5*m - 3*t - 219, -3*m + 221 = 2*m - 2*t. What is the highest common divisor of 90 and m?
45
Let w(i) = 29*i**3 - 1. Let a be w(1). Let n(d) = 3*d - 33. Let c be n(16). Let l be (1 + 27)/(6/c). What is the greatest common divisor of a and l?
14
Let o(l) = -l**3 + 8*l**2 - 8*l + 1. Let f = 99 + -94. Let i be o(f). What is the highest common factor of i and 4?
4
Suppose -923 = 21*d - 2813. What is the greatest common factor of 648 and d?
18
Let q be 703 + 24/(-60)*25. Calculate the highest common factor of 14 and q.
7
Suppose 0 = -8*a - 2960 + 3000. Suppose w - 72 = -3*z, 5*w + 2*z - 370 = -3*z. Suppose 8*r - w = 3*r. Calculate the highest common divisor of r and a.
5
Let w be (6 - 0)*-6*1/(-12). Suppose -d + 0*i = 2*i - 8, w*d + 2*i = 44. What is the highest common divisor of 12 and d?
6
Let c be -1*4*(108 + -128). Suppose -8*s + 4*s + 120 = 0. Calculate the greatest common divisor of c and s.
10
Let i = 67 + 45. Suppose -4*g - 4*s = -i, 5*s + 0*s = 25. What is the greatest common factor of 23 and g?
23
Suppose 0 = -3*w + 5*w. Suppose -4*c + 3*n + 243 = w, -7*c + 5*n = -2*c - 300. Let t be 84*(9/(-6) + 2). Calculate the greatest common factor of c and t.
21
Let d be (-6)/(-4) - (-30)/20. Let n = 1 + d. Let p = n + 18. What is the greatest common divisor of 22 and p?
22
Let g be (-33)/(-4)*(8 - (-64)/24). Calculate the highest common factor of 8 and g.
8
Let d(b) = -3*b + 9. Let p(a) = a**2 + 5*a - 6. Let k be p(-6). Suppose k = -3*o - 15 + 3. Let z be d(o). What is the greatest common divisor of 7 and z?
7
Suppose 3*y + 5*b - 377 = 0, 4*b - 186 = -2*y + 66. Calculate the greatest common factor of 12 and y.
4
Let d be (-1 + -15)*2758/(-14). What is the highest common divisor of d and 16?
16
Let y(f) = 55*f - 16. Let l be y(5). Let q = l + -133. Calculate the highest common factor of q and 14.
14
Let y = 11 + -11. Suppose y = -d + 3*d - 22. Calculate the greatest common factor of 88 and d.
11
Suppose 280 = 4*v - o - 3*o, -3*v + 210 = 3*o. Calculate the greatest common factor of 20 and v.
10
Suppose -24 = -3*x + 18. Let j be (-35 - -12)/(2/(-4) + 42/98). What is the greatest common factor of x and j?
14
Suppose -3*q + 105 = -3*v, -109 = -4*q - 5*v - 14. Let b be 6*-2*(-30)/8. Calculate the greatest common factor of q and b.
15
Let a = -1 + 1. Suppose a = 4*o + 19 - 63. Let s be ((-51)/2 + -2)*72/(-20). What is the highest common factor of s and o?
11
Suppose 2*l - 5*y = 1112, l - 2*l + y + 559 = 0. Calculate the greatest common factor of 51 and l.
51
Let m be -4*1/((-16)/284). What is the greatest common divisor of 568 and m?
71
Let z(k) = 89*k**2 - 1. Let p be z(-1). Let q = 53 - 53. Suppose -2*h - 4*o - 8 = -3*h, 5*o = q. Calculate the greatest common divisor of h and p.
8
Let y be (((-24)/1)/(-1))/(20/30). Suppose 5*i - 5*t + 0*t + 40 = 0, -3*i = -5*t + 14. Let d = y - i. What is the highest common divisor of 7 and d?
7
Suppose -65*l + 3814 = -3856. Calculate the greatest common factor of 531 and l.
59
Let a = 11 - -104. Suppose a + 110 = 9*q. What is the highest common factor of 10 and q?
5
Suppose -4*a = 2*n - 902, 41